 = -f*i - 165. List the prime factors of h.
5, 19
Let o(h) = 16*h**2 - 12*h + 33. What are the prime factors of o(7)?
733
Let u(k) be the third derivative of -k**6/120 + k**3/6 + k**2. Let m be u(-1). Let f = m + 19. List the prime factors of f.
3, 7
Let g(x) = -3*x**2. Let c = -8 + 9. Let r be g(c). List the prime factors of 2 - r/(-3)*-35.
37
Suppose -36*f = -38*f + 228. List the prime factors of f.
2, 3, 19
Let n(c) = 73*c**2 + 5*c - 8. What are the prime factors of n(2)?
2, 3, 7
Suppose 3*t + 96 = 4*r - 11, 3*t + 4*r + 139 = 0. Let n = 53 - t. What are the prime factors of n?
2, 47
Let w(t) = -4*t + 36. Let c be (0/3*1)/((-6)/(-2)). List the prime factors of w(c).
2, 3
Suppose -23*j + 24 = -17*j. Let c(g) = 6*g**3 - 3*g**2 + g - 13. What are the prime factors of c(j)?
3, 109
Let u(w) = -w**2 - 11*w - 1. Let b be u(-11). Suppose 4*f + y - 16 = -4*y, 3*y = 3*f - 12. What are the prime factors of -1 + f - (b + -20)?
2, 3
Let o(x) be the second derivative of -4*x**3/3 - 21*x**2/2 - 9*x. What are the prime factors of o(-8)?
43
List the prime factors of 1350 - (9 + -25 + 6).
2, 5, 17
Let v(d) = -9*d - 2. Let x(g) = 26*g + 6. Let i(r) = 14*v(r) + 5*x(r). What are the prime factors of i(7)?
2, 3, 5
List the prime factors of (-191224)/(-308) - 12/14.
2, 5, 31
Suppose 0 = 5*a - 7 + 22, -2*s = 4*a + 6. Suppose -s = 2*f - 1. What are the prime factors of (21/(-12))/(f/4)?
7
What are the prime factors of (-75)/10*34*-3?
3, 5, 17
Let j = -433 + 806. Let s = -166 + j. List the prime factors of s.
3, 23
Let t = 0 + 10. Let h(y) = 3*y**2 - 2*y - 1. Let f(n) = -11*n**2 + 12. Let x(a) = f(a) + 4*h(a). List the prime factors of x(t).
2, 7
Let f = -126 + 233. Suppose 140 = 4*w - 4*m, m + 4*m + f = 3*w. List the prime factors of w.
2, 17
List the prime factors of -2*((-261)/21)/(4/14).
3, 29
Let u(v) = -v**3 + 2*v**2 - 5 + 12*v - 5*v**2 - 2*v. Let g be u(-5). What are the prime factors of (-227)/g + 2/(-5)?
3, 5
Suppose w - 5*m - 113 = 0, w - 2*w = 4*m - 131. What are the prime factors of w?
3, 41
Let l(s) = -6*s + 174. List the prime factors of l(-43).
2, 3
Let l(w) = -w**3 + 3*w**2 - 3*w + 1. Let n = -31 + 32. Let h be l(n). Suppose -6*s + 8*s - 96 = h. List the prime factors of s.
2, 3
Let l(k) = k**3 + 12*k**2 - 12*k + 13. Let v be l(-13). Let u(c) = 3*c + 127. What are the prime factors of u(v)?
127
Let q(w) = -13 + w**2 + w - 14*w - 2*w**2. Let i = 2 - 13. What are the prime factors of q(i)?
3
Let r = 64 - -998. What are the prime factors of r?
2, 3, 59
Let h(l) be the second derivative of -1/2*l**2 - 1/6*l**3 + 0 - 9*l. What are the prime factors of h(-18)?
17
Suppose -5*i - 3*s + 2*s + 1844 = 0, 0 = -2*i - s + 737. What are the prime factors of i?
3, 41
Suppose -50 - 7 = -3*y + 4*a, -4*a - 95 = -5*y. Let s = y - 20. What are the prime factors of s/(10/4)*-50?
2, 5
Let t(h) = h**3 - 16*h**2 + 17*h + 8. What are the prime factors of t(15)?
2, 19
Suppose 12 = 5*d - 4*d. Suppose 3*v - 12 - d = 0. What are the prime factors of v?
2
Suppose 31*r + 9 = 34*r. Suppose 0 = p - r*u - 28, u + 21 = 2*p + 2*u. List the prime factors of p.
13
Let t = -5 + 64. Let h = t + -34. List the prime factors of h.
5
Let x(r) = r**2 - 11*r + 9. Let b be x(10). Let s = b - -5. Suppose -s*u - 13 + 45 = 0. What are the prime factors of u?
2
Suppose -3*t + 0*g = g - 11, 5*g - 27 = -t. Suppose -4*j - 18 = -t*n, -2*j = 3*j - n + 18. List the prime factors of 1725/(-46)*2/j.
5
Let n = 19 - 21. What are the prime factors of 3 + 76 + -2 + n?
3, 5
Suppose 0 = q - 3*v - 120, -2 + 4 = -v. Suppose 3*w + 0*s + 24 = -2*s, -3*w = -4*s + 6. What are the prime factors of (2/w)/((-2)/q)?
19
Suppose m - 33 = -2*m. Let t = 15 - m. Suppose 212 - 22 = 5*p + 3*s, -t*p + 130 = -2*s. List the prime factors of p.
5, 7
Let r(z) = z**2 - 2*z + 4037. What are the prime factors of r(0)?
11, 367
Let f = -37 - -44. Let a(t) = t**2 - 5*t - 10. What are the prime factors of a(f)?
2
Let s = -7 + 0. Suppose -2*i + 104 = 3*l, 5*l + 186 = 3*i + i. Let y = i - s. List the prime factors of y.
2, 7
Let u = -41 + 58. Let s = u - -94. What are the prime factors of s?
3, 37
Let l = -1241 + 2285. Suppose 6*a + 6*a - l = 0. List the prime factors of a.
3, 29
Let c(f) = -20*f + 4. Let v be c(-5). Suppose 12*k - 31 - 5 = 0. List the prime factors of k/(-9) - v/(-6).
17
Let q(u) = -u**3 + 2*u**2 + 3*u - 5. Let z be (-7)/(28/36) + (1 - -3). What are the prime factors of q(z)?
5, 31
Let c(p) be the second derivative of 0 + p**3 + 6*p + 5/2*p**2 + 1/4*p**4. List the prime factors of c(-4).
29
Let i(l) = -l**3 + 5*l**2 - 2*l + 7. Let x be i(5). Suppose v - 44 = 3*h + 5*v, h + 4*v + 12 = 0. Let m = x - h. List the prime factors of m.
13
What are the prime factors of 6/(-8) + 11 + (-7007)/(-52)?
5, 29
Let m = 10 + -9. Suppose l - m - 7 = 0. Suppose -l = -3*h - h. List the prime factors of h.
2
Let a = -89 - -90. Let i(z) = -z**3 + 8*z**2 - 2*z - 1. Let f be i(7). Suppose -7*s + f = -a. What are the prime factors of s?
5
Let t(d) = 3*d**2 + 13*d - 10. Let q be t(-5). Suppose q = -v + 140 + 31. List the prime factors of v.
3, 19
List the prime factors of ((-18)/15)/((-10)/3925).
3, 157
Suppose -2*a + 2278 = 48*z - 47*z, 3*a = -5*z + 11425. What are the prime factors of z?
2, 11, 13
Suppose 1084 = 18*u - 284. List the prime factors of u.
2, 19
Suppose 6*g = 15*g - 17109. List the prime factors of g.
1901
Let d be 14 + (0 - 3 - -2). Let f(h) = -2*h**2 + 25*h + 40. Let u(j) = -j**2 + 13*j + 20. Let l(g) = d*u(g) - 6*f(g). List the prime factors of l(16).
2, 17
Suppose 0 = -4*z + 5*z - 3*c - 897, 0 = -4*z + c + 3632. Suppose -29*o = -20*o - z. What are the prime factors of o?
101
Let p(w) = -w**3 + 4*w**2 - w + 1. Let k be p(3). Let b be (5 + -12)*(-2)/k. List the prime factors of -81*b/(-3) + 1.
5, 11
Let n = 318 - 182. What are the prime factors of n?
2, 17
Let v(z) be the third derivative of -z**6/120 + 7*z**5/60 - 5*z**4/24 + 7*z**3/6 + z**2. Let d be v(7). Let j = 46 + d. List the prime factors of j.
2, 3
Let o(h) = 3*h + 2. Let c(r) = 2*r**2 - 7*r - 2. Let j be c(4). List the prime factors of o(j).
2
Suppose 8*q - 3036 = 3956. List the prime factors of q.
2, 19, 23
Suppose -13*r = -30761 - 7342. What are the prime factors of r?
3, 977
Let i = 448 + -243. Suppose 6*x - i = x. What are the prime factors of x?
41
Suppose 0 = -3*a + 5*f + 29, -2*a - f + 0*f = -28. Let j = a - 88. Let c = 115 + j. What are the prime factors of c?
2, 5
Let q(m) = m**3 - 7*m**2 - 7*m. Let z be q(8). Suppose -z*u + 505 = 33. List the prime factors of u.
59
Let j(y) = -y**3 + 13*y**2 - y + 10. Let p be j(13). Let s(f) = -2*f**3 - 6*f**2 - 7*f - 3. List the prime factors of s(p).
2, 3
Let i = -12 + 17. Let x be -3 + 1 + i - 16. Let g = x - -18. List the prime factors of g.
5
Suppose -2*x = -3*x - 5*o - 1, 5*o = -3*x + 7. What are the prime factors of (220/x - 0)*2?
2, 5, 11
Let o(r) = 2*r**2 - 14*r - 101. What are the prime factors of o(16)?
11, 17
Suppose -378 = 3*p - 6*p. Suppose -2*s + y + p = -0*s, 3*s - 188 = y. Suppose 29 = 2*c - 4*v - 9, 4*c - v - s = 0. List the prime factors of c.
3, 5
Suppose -4*d - x + 45 = 4*x, -2*d - 3*x = -25. Let r be 2/d + (-108)/(-30). Suppose 0 = r*a - 2 - 82. List the prime factors of a.
3, 7
Let v(t) = 4*t**3 + t**2 + 11*t. List the prime factors of v(4).
2, 79
Suppose 0*v = -2*v + 520. Let b = v + -104. What are the prime factors of b?
2, 3, 13
Let z(h) = h**3 - 6*h**2 + 40*h + 3. List the prime factors of z(8).
11, 41
Let c = 20 - 10. Let g be ((-4)/c)/((-3)/(-135)). Let r = g + 41. List the prime factors of r.
23
Suppose 2*k = -f + 15, -k = 3*f + 2*k - 30. Suppose f*y = 2*y + 30. List the prime factors of y.
2, 5
Let u(k) = k**2 + 9*k - 1. Let d(o) = -9*o + 2. Let f(p) = 2*d(p) + 3*u(p). What are the prime factors of f(-6)?
5, 11
Let k be -4 - (1 - (-4 + 13)). Suppose 11 = 2*d + z, 4*d = d - k*z + 24. What are the prime factors of d?
2
Suppose -w + 3*p + 3696 = 0, 7*w - 8*w = p - 3676. List the prime factors of w.
3, 409
Suppose -3*b = 3*q - 183, -3*b + 3*q + 102 = -b. Suppose -4*k - b = -3*h, 2*h - 36 = -k + 2. List the prime factors of h.
19
Let w(p) = 12*p + 64. Let k be w(-5). Let s = 0 + 1. Let r = k + s. List the prime factors of r.
5
Suppose 0 = 3*u - 2*u - 76. Let v = -191 - -195. Suppose a - 85 = -3*x, -v*a